**2 + 16*d + 7. Suppose 160 = 2*i + 126. Calculate s(i).
-10
Let x(s) = -s**3 + s**2 + 3*s + 2. Let c(t) = t**2 + 7*t + 12. Let k be c(-6). Let i be (-3)/(15/k + -1). Calculate x(i).
8
Let x(g) = -g**2 + 5*g - 7. Let t(f) be the first derivative of -f - 26. Let j(a) = 4*t(a) - x(a). Give j(4).
-1
Let u(p) be the first derivative of -p**2/2 + 13*p - 63. Give u(19).
-6
Let t(m) = -3 + 4*m**2 - 6*m**2 + 5*m - 3*m**2 - 11*m - m**3. Let u(d) = -d**3 - 13*d**2 + 13*d - 18. Let p be u(-14). What is t(p)?
5
Suppose -4*u - 8 = 4*i, -4*u = u - 4*i - 17. Let w(v) = 25 - v + 35 - v**3 - 59. Calculate w(u).
-1
Let d(j) = -j - 67. Let u(k) = 2*k + 79. Let n(r) = 5*d(r) + 4*u(r). What is n(7)?
2
Let n be -6*((-16)/(-6))/(-4). Let u(z) = n*z - z - 4*z - 2. Let s be 1/(-4 + 30/8). Determine u(s).
2
Let u(b) = b**3 + 7*b**2 - 10*b + 3. Let q be u(-8). Suppose -5*r + q = -2*t, -5*t = 5*r - 1 - 4. Let i(h) = -3 + r - h - 1. Determine i(-3).
2
Let s be 4/((-3)/(36/(-8))). Let x be ((-5)/10 + 2)*s. Let f(g) = -x + g**3 + 0*g**2 + 6*g**2 - g + 2*g - 5*g. Give f(-6).
15
Let r(t) = -t**2 - 5*t - 2. Let q be r(-3). Let y(m) = -5 - 148*m + 246*m - 95*m. Determine y(q).
7
Let k be (-6*6)/(3/(-4)). Let w(n) = 101*n - 48*n - k*n. Determine w(1).
5
Let i(j) = 11*j**3 - 4*j**2 + 12*j - 5. Let y(r) = 9*r**3 - 5*r**2 + 10*r - 4. Let d(m) = -5*i(m) + 6*y(m). Calculate d(-10).
1
Let i(g) = 4*g - 2. Let s(v) = -7*v - 18. Let p be s(-6). Suppose 2*b = p - 30. Give i(b).
-14
Let n = -360 + 249. Let c = n + 115. Let d(p) = -2*p + 5. Determine d(c).
-3
Let c be ((-14)/35)/(2/(-10)). Let m(d) = -213 - c*d + 214 - d**3 + 2*d**2 - d. Let f = 2 - 0. Calculate m(f).
-5
Let w(j) = j**2 - 5*j + 1. Let u be 4 - (13/(-39) + (-2)/3). Let p be w(u). Let n(o) = 4*o**2 + o. What is n(p)?
5
Let w be (18/(-45))/(2/(-10)). Let k be w + 0 + (-4)/(-2). Let z(p) = p**2 - p + 3. Calculate z(k).
15
Let m(c) = -c**3 + 2*c**2 + c - 1. Let f = -137 - -136. Let a(u) = 4*u**3 + 3*u**2 - 14*u - 9. Let k(d) = f*a(d) - 3*m(d). Give k(-10).
2
Suppose -5*a + 10 = -3*a. Let k(n) = 4*n**2 - 6*n - 4. Let m(f) = 4 + 3*f**2 - 2*f**2 - 3 - f. Let i(c) = k(c) - 3*m(c). Give i(a).
3
Let w(i) = -i - 1. Let l be w(-6). Let r(v) be the first derivative of -v**2/2 - 3*v + 211. Calculate r(l).
-8
Let v(i) be the second derivative of -i**4/24 + 2*i**3/3 + 15*i**2/2 - 10*i. Let p(o) be the first derivative of v(o). Calculate p(-5).
9
Let h(u) = u + 1. Let w = 91 + -89. Let m = 1 - -1. Let x = m - w. What is h(x)?
1
Let k(w) = 7*w**3 + 5*w**2 + 2*w + 1. Let r(s) = 2*s**3 + s + 1. Let c(h) = -k(h) + 4*r(h). Suppose 0 = -3*a + 7*a - 16. Determine c(a).
-5
Let q(h) = -h**2 + 5*h + 13. Suppose 2*v - 8 = -3*j + 4, 5*v + j - 30 = 0. Give q(v).
7
Let a(b) = -8 - b + 2 + 5 - 3. Let r(g) = -2*g - 5. Let h(q) = 4*a(q) - 3*r(q). What is h(-2)?
-5
Let f(w) = 6*w**3 + 2*w**2 - 7*w + 11. Let i(x) = -x**3 - x**2 - 1. Let r(t) = -f(t) - 5*i(t). Determine r(4).
6
Let c(q) = -q + 16. Suppose -16*a - 24 = -8*a. Let s(x) = 6*x + 25. Let r be s(a). Give c(r).
9
Let o(i) = 7*i + 19. Let w(v) = 15*v + 39. Let k be (320/(-12))/2 + (-2)/(-6). Let u(y) = k*o(y) + 6*w(y). What is u(-6)?
-7
Suppose 13*s = -7*s + 20. Let n(w) = 18*w**2 - 1. Determine n(s).
17
Let h(b) = 2*b**3 - 2*b. Suppose -28 = -8*q + 4*q. Suppose q*v + 4 = 9*v. What is h(v)?
12
Let d(l) = -l**3 - 2*l**2 + 4*l - 2. Let v be d(-4). Suppose -5*m + 3*k = -v, 2*m + 2*k = k - 1. Let b(y) = -5*y**2 - 2*y + 1. Give b(m).
-6
Let x = 5 + 16. Let o be x/(-3)*(-6)/(-7). Let n = o - -8. Let w(a) = 2*a + 2. What is w(n)?
6
Let u(k) = -k**3 + k. Suppose -4*i + 10 + 6 = 0. Suppose 0 = -i*r - 5*b + 17, -r = -2*b - 0*b - 1. Suppose 0*t = r*t - 2*w + 14, 2 = 3*t + 2*w. Calculate u(t).
6
Let o(q) = 0 - 2*q**2 - 29*q + 5 + 24*q + 1. Suppose 3*x = 5*g - 15, 5 = -x - 2*g + 3*g. Give o(x).
-19
Suppose 4 = -0*k + 2*k. Let a = 1849 - 1847. Let r(w) = 0*w - 4*w**k + 5*w**a + 2*w + 4. Give r(-3).
7
Let t(w) = 6*w + 14. Let j(k) = 25*k + 58. Let a(r) = 2*j(r) - 9*t(r). Give a(-5).
10
Let j(t) be the first derivative of 2/3*t**3 + 0*t**2 - t + 2 + 3/2*t**4. Let p = -1 - -2. What is j(p)?
7
Suppose 0 = -3*a - 5 - 4. Let r be (9/6)/((-9)/(-12)). Let o(u) = -5 - 2*u - 2*u + u**3 + 1 + 3*u**r. Give o(a).
8
Let x be 0/(-3 + (-2 - -3)). Let h(v) = 1 - 2 + 0*v + 3*v + x*v. Give h(2).
5
Let h(t) be the second derivative of t**7/840 + 7*t**6/360 - t**5/15 - t**4/24 - t**3/3 - 10*t. Let p(g) be the second derivative of h(g). What is p(-8)?
-1
Let p(l) be the third derivative of -l**6/60 - l**3/6 + 13*l**2. Let u(z) = z**3 + 1. Let g(b) = -5*p(b) - 4*u(b). Determine g(1).
7
Let j(i) = i**2 - 20*i + 98. Let y be j(11). Let q(k) = 5*k**3 + k. Give q(y).
-6
Suppose 2*k = 6*k. Let w be 2 + (-3 - (-3 - k)). Let u(n) = -2 + 3 + n - w + 7. What is u(5)?
11
Let j(m) = 103 - 41 - 13 - 42 - m. Calculate j(-2).
9
Suppose -5*v + 39 = -1. Suppose 18 = 2*t + 4*b, -4 = -4*t + 4*b + v. Let q(g) = -g + 7. Determine q(t).
2
Let a be 4*(-3)/24 - (-46)/4. Let o(d) = -2 - 10*d + a*d + 5. Determine o(-5).
-2
Let g = 8 + -11. Let h be 7/((-84)/(-8))*g. Let i(b) be the second derivative of b**4/6 + b**3/2 - 3*b. Calculate i(h).
2
Suppose -6*y - 5*n - 50 = -3*y, 2*n - 12 = 2*y. Let c(p) = p**3 + 9*p**2 - 13*p - 6. Calculate c(y).
24
Suppose -5*v + 0*v - 4*y = -830, -4*y = -3*v + 498. Let h = 174 - v. Let z(o) = o**2 - 8*o - 7. Determine z(h).
-7
Let g(r) = -r**3 + 15*r**2 - 15*r + 11. Let l = 19 + -5. Let t be g(l). Let z(o) = -2*o**2 - 5*o - 2. What is z(t)?
-5
Let u(y) = 3*y**3 + 6*y**2 - 8*y - 1. Let z(p) = -16*p**3 - 29*p**2 + 39*p + 6. Let t = 92 - 81. Let v(f) = t*u(f) + 2*z(f). Give v(-9).
10
Let x(l) = 32 - 124 + 37 - 9*l + 27 + 26. Suppose 12 = 4*j - 0*j + 4*t, 0 = 5*j - 5*t - 5. Calculate x(j).
-20
Let f = -9 - -11. Let q(m) = 0 - 1 + 0 - f*m**2. Let x = -4 - -2. Calculate q(x).
-9
Let d(c) = 5 - 11742*c**2 - 1 + 11745*c**2 + 3*c - 1. Let m(u) = -4*u**2 + 4*u**2 - u**2. Let g(j) = d(j) + 2*m(j). Determine g(-5).
13
Let s(n) = 2*n. Suppose 0 = -o + 4*o + 2*w - 19, -15 = -3*w. Determine s(o).
6
Let c(r) be the first derivative of -r**6/120 - r**5/20 - r**4/24 - r**3/6 + 4*r**2 + 8. Let f(q) be the second derivative of c(q). Calculate f(-2).
-3
Let u(y) = -3*y**2 - y + 3*y**2 - 1 - 6*y**2. Let j(m) = -6*m**2 + 188*m + 127. Let z be j(32). Determine u(z).
-6
Let v(y) be the second derivative of -y**4/12 + 2*y**3/3 + 2*y**2 + 1125*y. Suppose 5*x + 5*b = 0, 6*b + 1 = -3*x + 2*b. Let q = 4 - x. Give v(q).
7
Let r(o) = -10*o**3 + 13*o**2 + 19*o + 7. Let s(k) = -3*k**3 + 4*k**2 + 6*k + 2. Let f(z) = -2*r(z) + 7*s(z). Give f(3).
3
Let t(m) be the second derivative of m**5/20 - m**4/4 + m**3/2 - m**2 + 4*m + 30. Calculate t(2).
0
Let n(u) be the second derivative of -u**4/12 - 7*u**3/3 + 19*u**2/2 + 2*u - 71. Determine n(-15).
4
Let n(o) = 4*o - 1. Let q(l) = 17*l + 5. Let d(z) = 4*n(z) - q(z). Let j = 15 + -24. Calculate d(j).
0
Let s(l) be the third derivative of -l**6/120 + 7*l**5/30 - l**4/24 - 4*l**3/3 + 129*l**2. Calculate s(14).
-22
Let x be (-32)/(-6)*(-18)/(-12). Let k(f) = 7*f + 3 - 2 + 0 - x*f. Let v(w) = 2*w - 1. Let n(i) = 3*k(i) + v(i). Calculate n(-5).
7
Let u(h) be the second derivative of 7/2*h**2 - 1/8*h**4 + 1/2*h**3 - 9*h + 0. Let k(n) be the first derivative of u(n). Give k(3).
-6
Let k(s) = 3*s + 6. Let g(a) = a. Let f(n) = 4*g(n) - k(n). What is f(0)?
-6
Let r(q) = 2*q**2 - 13*q - 5. Let p = 741 - 735. Give r(p).
-11
Let s(x) = -65*x + 132*x - 64*x + 5. Let f be s(-2). Let j(d) = 10*d**3 + d**2 + d. What is j(f)?
-10
Suppose s + j = -j - 1, -j + 40 = -4*s. Let m be (-94)/(-18) + 2/s. Let y(r) be the second derivative of -r**3/6 + 3*r**2 - 24*r. Calculate y(m).
1
Let f be 30/(-4)*((-55)/15 + 3). Suppose f*o + 17 - 42 = 0. Let i(p) = p**2 + p - 4. Give i(o).
26
Suppose f = -s - 2*f - 21, -3*s - 21 = -5*f. Let g be 32/(-7) - s/(-28). Let v(u) = u**3 + 4*u**2 - 7*u - 1. Determine v(g).
9
Suppose 4*s + 6 = -22. Let y = -17 - s. Let q be y/4*(-8)/10. Let o(w) = -6*w + 2. Give o(q).
-10
Let b(w) = -3*w + 272 + 7*w**3 + 5*w**2 - 259 - 2*w. Let n(f) = -f**3 - 1. Let z(k) = b(k) + 6*n(k). What is z(-6)?
1
Let k(l) = l**2 - 3*l - 4. Suppose -x + 4*x - 2*g - 6 = 0, 5*x = -3*g - 9. Suppose x = -5*u - 0*u + 25. Determine k(u).
6
Let u(g) =